 2935 a composite number?
True
Is 4291 a composite number?
True
Is 751 a prime number?
True
Is 10091 a composite number?
False
Is 170417 prime?
False
Is 13963 composite?
False
Is 2004199 prime?
False
Is 8747 a prime number?
True
Is 878 composite?
True
Is 58009 composite?
True
Is 3251 composite?
False
Is 3089 prime?
True
Is 531301 a prime number?
False
Is 49835 a prime number?
False
Is 903443 composite?
False
Is 1811041 composite?
False
Is 25523 composite?
False
Is 69815 prime?
False
Is 26623 composite?
True
Is 238841 a prime number?
True
Is 160187 prime?
False
Is 49297 composite?
False
Is 287329 composite?
True
Is 88019 composite?
False
Is 25689 prime?
False
Is 6065 a composite number?
True
Is 24469 a prime number?
True
Is 11693 composite?
True
Is 152479 a composite number?
True
Is 174297 a composite number?
True
Is 94291 prime?
True
Is 766159 a composite number?
True
Is 511417 a composite number?
False
Is 14489 prime?
True
Is 1589869 a composite number?
True
Is 601507 a prime number?
True
Is 50695 a composite number?
True
Is 20127 composite?
True
Is 5155 prime?
False
Is 333019 a prime number?
True
Is 6773 prime?
False
Is 673583 a composite number?
True
Is 191755 a prime number?
False
Is 20663 composite?
False
Is 90845 composite?
True
Is 2023421 composite?
False
Is 9311 composite?
False
Is 54311 a composite number?
False
Is 41647 prime?
True
Is 248231 composite?
False
Is 128099 prime?
True
Is 499391 composite?
False
Is 1567919 prime?
False
Is 15769 composite?
True
Is 8641 composite?
False
Is 50473 prime?
False
Is 419 prime?
True
Is 282445 prime?
False
Is 61091 a prime number?
True
Is 677861 prime?
False
Is 7297 composite?
False
Is 17239 composite?
False
Is 274187 prime?
True
Is 257497 a prime number?
True
Is 5623 a composite number?
False
Is 41579 composite?
False
Is 163037 a composite number?
True
Is 80426 a composite number?
True
Is 204727 prime?
False
Is 682853 a composite number?
True
Is 310685 a prime number?
False
Is 26861 a prime number?
True
Is 8813 a composite number?
True
Is 2209 a composite number?
True
Is 97859 a composite number?
False
Is 169739 prime?
False
Is 9649 a prime number?
True
Is 6113 prime?
True
Is 409 a composite number?
False
Is 25657 a prime number?
True
Is 61315 a prime number?
False
Is 67121 a composite number?
False
Is 75149 prime?
True
Is 130561 composite?
True
Is 679 a prime number?
False
Is 3149 composite?
True
Is 12323 prime?
True
Is 8081 a composite number?
False
Is 6749 composite?
True
Is 69547 prime?
False
Is 4507 a prime number?
True
Is 12713 a composite number?
False
Is 1247 a prime number?
False
Is 1049 a prime number?
True
Is 13645 composite?
True
Is 39001 a prime number?
False
Is 226897 a prime number?
False
Is 115829 composite?
True
Is 39595 a prime number?
False
Is 730397 a prime number?
True
Is 1672347 a composite number?
True
Is 469257 prime?
False
Is 61459 composite?
True
Is 79217 prime?
False
Is 89153 prime?
True
Is 196331 prime?
True
Is 386321 prime?
False
Is 5029 a composite number?
True
Is 2501 composite?
True
Is 80167 a composite number?
False
Is 9637 a prime number?
False
Is 5623 a prime number?
True
Is 2437 a prime number?
True
Is 117371 a composite number?
False
Is 797 prime?
True
Is 194159 a prime number?
False
Is 69143 composite?
False
Is 10961 prime?
False
Is 163871 a prime number?
True
Is 116717 a composite number?
True
Is 85369 composite?
False
Is 231637 a prime number?
False
Is 1949 a composite number?
False
Is 20441 prime?
True
Is 160963 a composite number?
True
Is 17603 a composite number?
True
Is 25657 a composite number?
False
Is 78695 a prime number?
False
Is 30729 a prime number?
False
Is 109487 a prime number?
False
Is 254593 a prime number?
True
Is 6743 prime?
False
Is 205 composite?
True
Is 342319 prime?
True
Is 49195 a prime number?
False
Is 50891 prime?
True
Is 15689 a composite number?
True
Is 3109 a composite number?
False
Is 65279 a prime number?
False
Is 7319 a prime number?
False
Is 4073 prime?
True
Is 1518427 a prime number?
True
Is 10301 a composite number?
False
Is 123763 prime?
False
Is 1282063 a prime number?
False
Is 3377 composite?
True
Is 53297 a composite number?
True
Is 105449 composite?
False
Is 18115 a prime number?
False
Is 165157 composite?
True
Is 959203 a composite number?
True
Is 787 prime?
True
Is 499 prime?
True
Is 52133 composite?
True
Is 38297 composite?
True
Is 12049 a composite number?
False
Is 2342003 prime?
True
Is 27655 composite?
True
Is 263 a composite number?
False
Is 63577 a prime number?
True
Is 13247 composite?
True
Is 285803 a composite number?
True
Is 98801 prime?
True
Is 233321 a composite number?
True
Is 51763 prime?
False
Is 145999 composite?
True
Is 66169 a prime number?
True
Is 15253 a prime number?
False
Is 2934661 a prime number?
False
Is 9052099 prime?
False
Is 165133 composite?
False
Is 586399 a prime number?
False
Is 95255 a composite number?
True
Is 5077 a composite number?
False
Is 117877 prime?
True
Is 176489 composite?
False
Is 64643 a composite number?
True
Is 84691 a composite number?
False
Is 41009 a prime number?
False
Is 111029 a prime number?
True
Is 52565 prime?
False
Is 1819 a prime number?
False
Is 201023 a prime number?
False
Is 17855 prime?
False
Is 144505 a composite number?
True
Is 293747 composite?
True
Is 54187 a prime number?
False
Is 1693 a composite number?
False
Is 853649 prime?
False
Is 177739 prime?
True
Is 98621 prime?
True
Is 80482 a prime number?
False
Is 452877 a prime number?
False
Is 38789 prime?
False
Is 863 prime?
True
Is 769 prime?
True
Is 19102 a composite number?
True
Is 14395 a composite number?
True
Is 15253 prime?
False
Is 3437 a composite number?
True
Is 50057 prime?
False
Is 5581 a prime number?
True
Is 9946 composite?
True
Is 1950121 a composite number?
True
Is 38903 a composite number?
False
Is 10055 a composite number?
True
Is 35237 prime?
False
Is 276401 a prime number?
True
Is 3527 a prime number?
True
Is 2085553 composite?
True
Is 56251 prime?
False
Is 87 composite?
True
Is 56569 composite?
False
Is 219679 prime?
True
Is 74351 composite?
True
Is 451277 prime?
True
Is 732959 a prime number?
True
Is 863479 a composite number?
False
Is 36833 a composite number?
False
Is 776449 a prime number?
True
Is 47237 prime?
True
Is 479 prime?
True
Is 116747 prime?
True
Is 26771 prime?
False
Is 157031 composite?
True
Is 305507 prime?
False
Is 955109 prime?
False
Is 224993 a prime number?
True
Is 203629 composite?
True
Is 3949 a composite number?
True
Is 645919 composite?
True
Is 34297 a composite number?
False
Is 137393 a prime number?
True
Is 42613 a composite number?
True
Is 3973 a composite number?
True
Is 110798 prime?
False
Is 18803 prime?
True
Is 2949913 a prime number?
True
Is 11197 a composite number?
False
Is 794 composite?
True
Is 2435 prime?
False
Is 30607 a composite number?
True
Is 23753 composite?
False
Is 34849 a prime number?
True
Is 228677 composite?
False
Is 1903229 a composite number?
False
Is 9599 a composite number?
True
Is 135259 composite?
True
Is 13963 composite?
False
Is 1151 a prime number?
True
Is 62273 composite?
False
Is 5469 composite?
True
Is 109009 composite?
True
Is 23455 a composite number?
True
Is 350171 prime?
False
Is 316451 a composite number?
True
Is 191 prime?
True
Is 22271 a composite number?
False
Is 2790421 a composite number?
False
Is 21191 composite?
False
Is 23099 composite?
False
Is 1283699 prime?
False
Is 73517 composite?
False
Is 129187 composite?
False
Is 51523 a prime number?
False
Is 6197 a prime number?
True
Is 43889 a composite number?
False
Is 1397 prime?
False
Is 2999 a composite number?
False
Is 2545 composite?
True
Is 58477 a prime number?
True
Is 15107 prime?
True
Is 29517 prime?
False
Is 17233 prime?
False
Is 87059 composite?
True
Is 6953 a composite number?
True
Is 4963 prime?
False
Is 3845 a prime number?
False
Is 17083 a composite number?
True
Is 12955 a prime number?
False
Is 272361 a composite number?
True
Is 9637 composite?
True
Is 15959 a prime number?
True
Is 287 composite?
True
Is 34163 a composite number?
True
Is 268349 prime?
False
Is 52787 prime?
False
Is 78823 a prime number?
True
Is 173449 composite?
True
Is 21921 prime?
False
Is 2155 a composite number?
True
Is 8101 a prime number?
True
Is 1489393 prime?
True
Is 16